j = -18 + 29. Let p = 14 - j. What are the prime factors of 8/p + (-16)/24?
2
Suppose -125*h = -130*h + 2175. What are the prime factors of h?
3, 5, 29
Suppose 26 + 78 = 2*n. Suppose 6*l - 334 = -n. What are the prime factors of l?
47
Suppose -4*q - 6*u = -4*u - 138, -5*q + 5*u + 150 = 0. Suppose -m + 62 + q = 0. List the prime factors of m.
5, 19
Let a(l) = 2*l**2 + 2*l + 4. Let c be (20/(-15))/((-2)/(-9)). Let w be a(c). Suppose 0 = -0*r + 2*r - w. List the prime factors of r.
2
Let f(i) = 9*i - 4. Let k be f(0). List the prime factors of ((-2262)/136 + 28/(-238))*k.
67
Suppose 0 = -d - 0*d - 1, p + 5*d - 2958 = 0. What are the prime factors of p?
2963
Let m be (-16)/32 - -1*1/2. Suppose m = -4*n + 240 + 236. What are the prime factors of n?
7, 17
What are the prime factors of 1185/15 + (-1 - -1)?
79
Suppose 0 = 22*d + 4*d - 8710. List the prime factors of d.
5, 67
Let o = -24 + -2. Let p = -15 - o. Suppose -5*m + 19 + p = 0. List the prime factors of m.
2, 3
Let v = -60 - -63. Let h(c) = 3*c**3 - c**2 + 4*c - 5. What are the prime factors of h(v)?
79
Suppose 0 = 7*w + 36*w - 16254. What are the prime factors of w?
2, 3, 7
Let p be (-69)/(-9) - 18/27. Let l(t) = -t**3 - 6*t**2 + 3*t + 3. Let z be l(-6). List the prime factors of (z + -1)*p/(-14).
2
Let z(f) be the first derivative of f**4/4 + 3*f**3 + 2*f**2 - 12*f - 2. What are the prime factors of z(-8)?
2, 5
Let o(a) = -101*a. Let q be o(-5). Suppose 0*v + q = 3*v + 4*i, 306 = 2*v - 5*i. Suppose -4*u + 45 = -v. What are the prime factors of u?
2, 13
Let z = 173 - 110. Let b = 28 + z. What are the prime factors of b?
7, 13
Suppose -69*x + 58*x = -7304. List the prime factors of x.
2, 83
Let c(m) = m + 35. Let h be c(0). Suppose 3*j - 4*j + h = 0. List the prime factors of j.
5, 7
Let f be 5/(-1) - (-5)/5. List the prime factors of 24/((-9)/120*f).
2, 5
Suppose 0 = -4*v - 3*d + 16, -2*v - 4 = -3*v - 5*d. Suppose 20 = v*i, y - 35 = -0*i - 2*i. What are the prime factors of y?
5
Let y(p) be the third derivative of p**6/360 + p**5/60 - p**4/3 + p**3 - 6*p**2. Let m(o) be the first derivative of y(o). List the prime factors of m(-7).
3
Let j = 4089 - 1749. List the prime factors of j.
2, 3, 5, 13
Let h(q) be the first derivative of q**5/30 + 5*q**4/24 - q**3/3 - 2*q**2 + 7. Let s(l) be the second derivative of h(l). List the prime factors of s(-6).
2, 5
Let i be (-2)/10*(4 + -19). Suppose -p + 199 = 4*j, -125 - 128 = -5*j + i*p. What are the prime factors of j?
2, 5
Suppose -4*m - 114 = -2*c + 4*c, -5*m = -10. Let s = 140 + c. List the prime factors of s.
79
Let p = -27 + 30. Let m be ((-2)/3)/(p/900). What are the prime factors of 12/(-36) - m/6?
3, 11
Suppose -3*k - 24 = 75. Let y = k - -51. Let l = y + 0. What are the prime factors of l?
2, 3
Suppose 4*s + 3*w - 8 = 0, 6*s + 3*w = 3*s + 6. Let z = s + 2. Suppose z*o - 99 - 57 = 0. What are the prime factors of o?
3, 13
List the prime factors of 354 - (30/(-2) - -4).
5, 73
Let w = -340 - -668. Suppose -2*p - m + w = -6*m, 3*p + 2*m = 473. What are the prime factors of p?
3, 53
Let y(t) = 6*t**2 + 2. Let l = -24 - -21. Let b = 5 + l. What are the prime factors of y(b)?
2, 13
Suppose x - 7*x + 714 = 0. Suppose 2*z - 5*d = 242, z - 2*d = -0*d + x. What are the prime factors of z?
3, 37
Suppose -384*v + 383*v - 36 = 0. Let w = v + 150. List the prime factors of w.
2, 3, 19
Let x = 635 - 396. What are the prime factors of x?
239
Suppose 2*z - 9*z = -3444. What are the prime factors of z?
2, 3, 41
Suppose 3*c - 6 = -3*o, -o + 4 = 4*c + 11. Suppose 980 = o*z - 85. What are the prime factors of z?
3, 71
Let d = 673 + -317. Suppose -4*w + d = -224. What are the prime factors of w?
5, 29
Let x(g) = 2*g**3 + 5*g**2 + 4*g + 3. Let o be x(-3). List the prime factors of 1 - 4/3 - 3516/o.
3, 5, 13
Suppose 29*y - 8 = 31*y. What are the prime factors of (-422)/y - 2/4?
3, 5, 7
Let p(j) = -j - 1. Let a be p(-7). Let l(m) = m**2 + 6*m - 12. What are the prime factors of l(a)?
2, 3, 5
Suppose 0 = r + 2*o - 9, 3 = 4*o - 9. What are the prime factors of (-432)/2*(30/12 - r)?
2, 3
Let j = 472 - -931. What are the prime factors of j?
23, 61
Let b = 12 + -6. Suppose u - 3*s - 86 = -b*s, -2*s + 172 = 2*u. List the prime factors of u.
2, 43
Suppose 0 = -5*t - 5*v - 810 + 230, -230 = 2*t + 3*v. Let o = -68 - t. What are the prime factors of o?
2, 5
Suppose 0 = -z + 5, 4*z - 5 - 3 = 4*b. Suppose -4*r = b*o - 0*o - 44, -o = 4*r - 28. Suppose o*v = 11*v - 96. List the prime factors of v.
2
What are the prime factors of (-115)/46*(-5)/((-75)/(-738))?
3, 41
Suppose -23*x + 28*x = 5*p + 4960, 5*x - 4995 = -2*p. List the prime factors of x.
997
Suppose 7*b - 2*b = 80. Suppose b = -q + 54. Let u = q - -9. List the prime factors of u.
47
Let c(a) = 3*a**2 - a + 548. What are the prime factors of c(0)?
2, 137
Let n(s) = -s**3 + s**2 + s + 3. Let z be n(0). Let k = -3 + z. Suppose 3*d - f = 5*d - 3, -2*d - 2*f + 2 = k. List the prime factors of d.
2
Suppose -5*h + 4 + 6 = 0. Suppose 5*q - 30 - 17 = -o, -5*o + 289 = -h*q. List the prime factors of o.
3, 19
Let h = -952 - -2520. List the prime factors of h.
2, 7
What are the prime factors of 7*(-5)/5 + 1*2738?
2731
Let x(r) = -79*r - 12. Let o be x(-4). What are the prime factors of (-15)/10*1*o/(-3)?
2, 19
Let r = -6 + 11. Suppose 80 = 5*n + 2*p - 204, -r*p + 275 = 5*n. List the prime factors of n.
2, 29
Suppose -40 = -4*n + 8. Let y = -24 + n. What are the prime factors of (-42)/(-4)*(-64)/y?
2, 7
List the prime factors of 2 + (-912)/(-4) + -2.
2, 3, 19
Let h(z) = -37*z**3 - 4*z - 2. List the prime factors of h(-2).
2, 151
Let a = 21 - 11. Let g = a - 6. Suppose 0 = -o - 3*j + 27, -j + g*j = 12. What are the prime factors of o?
3, 5
Suppose 2*l = -5*x - 2*l + 489, -x = 3*l - 100. What are the prime factors of x?
97
Let c(o) = 3*o**2 - 59. What are the prime factors of c(-10)?
241
Let r be ((-4)/(-3))/((-10)/(-30)). Suppose 2*f + 14 = r*d, -5*f - 4*d + 8 + 27 = 0. Suppose -6*i = -f*i - 84. List the prime factors of i.
2, 7
Suppose 39 = -2*x - 5. Let f = x + 63. List the prime factors of f.
41
Let s(k) = -3 + 0*k + 1 + 5*k - 16. Let l(j) = -9*j + 37. Let i(n) = 6*l(n) + 11*s(n). What are the prime factors of i(-7)?
17
Let y(r) = -r**3 + 11*r**2 - 3*r + 6. Let b be y(9). Let s = 238 - b. What are the prime factors of s?
97
Let d(w) = -10*w + 20. Let o(b) = 5*b - 10. Let u(g) = 4*d(g) + 10*o(g). List the prime factors of u(14).
2, 3, 5
Let u(p) = p**2 + 3*p + 4. Let q be u(-3). Suppose n + 30 = 3*t + q*n, -5*n = -t + 34. What are the prime factors of t?
2, 7
Let d be (-4245)/(-90) + 2/(6*-2). Suppose d = 3*r - 82. What are the prime factors of r?
43
Let f(b) = -1 + 1 + 6*b**2 - 4 + 4*b - b**3 - 3. List the prime factors of f(5).
2, 19
Suppose 0 = 2*i - 21 - 5. Suppose 2*g - 3*c = i, 2*g - 1 = 2*c + 11. What are the prime factors of g?
5
Let i(g) = 7*g**3 + 3*g**2 - 5*g + 3. Let k be i(2). Let x = k + -35. What are the prime factors of x?
2, 13
Let o = 26 - 27. What are the prime factors of (-400)/(-8) + 4*o?
2, 23
Let s be ((-2)/5)/((-2)/60). Suppose 4*w - 2*k - s = 0, -3*w + 3 = -2*w + k. Suppose -i - w*i = -40. List the prime factors of i.
2, 5
Let m(l) = -2*l. Let q be m(1). Let t be (17/q)/((-5)/20). Let a = t + -21. What are the prime factors of a?
13
Let p(a) be the first derivative of -3*a**2 - 29*a + 9. What are the prime factors of p(-18)?
79
Let u(x) = -5*x**2 + 17*x + 4. Let a(w) = -4*w**2 + 16*w + 5. Let y(g) = -6*a(g) + 5*u(g). Let n be y(-7). Suppose l = -3 + n. List the prime factors of l.
3, 5
Let b = 879 + -619. List the prime factors of b.
2, 5, 13
Let m be 1/(-2*4/(-8)). Let k be ((-2)/(-4))/(m/22). Let u = -1 + k. List the prime factors of u.
2, 5
Let c = 2017 + -381. List the prime factors of c.
2, 409
Let r = 1017 - -718. List the prime factors of r.
5, 347
Suppose 2*c - 16 = -4. List the prime factors of (2/c)/((-13)/26)*-183.
2, 61
Let x(q) = -q**2 + 13*q - 7. Let a be x(12). Suppose 0 = -4*g + a*g - 5. List the prime factors of g.
5
Suppose -8412 = -118*c + 106*c. What are the prime factors of c?
701
Let s(p) = -p**2 + 2*p + 1. Let b be s(3). List the prime factors of (-2)/2 + b + 87.
2, 3, 7
Suppose 9*c - 30600 = -16*c. What are the prime factors of c?
2, 3, 17
Suppose 0*n = 5*j - 3*n - 15200, -j - n = -